{"id":583,"date":"2020-10-28T15:38:47","date_gmt":"2020-10-28T15:38:47","guid":{"rendered":"https:\/\/cm-fronteira.pt\/?page_id=583"},"modified":"2023-10-31T18:06:17","modified_gmt":"2023-10-31T18:06:17","slug":"conselho-local-de-acao-social","status":"publish","type":"page","link":"https:\/\/cm-fronteira.pt\/pt\/municipio\/conselhos-e-comissoes-municipais\/conselho-local-de-acao-social\/","title":{"rendered":"Conselho Local de A\u00e7\u00e3o Social"},"content":{"rendered":"<p style=\"text-align: justify;\">O Conselho Local de A\u00e7\u00e3o Social de Fronteira \u00e9 um \u00f3rg\u00e3o local de concerta\u00e7\u00e3o e congrega\u00e7\u00e3o de esfor\u00e7os, funcionando como um espa\u00e7o privilegiado de di\u00e1logo e an\u00e1lise dos problemas, visando a erradica\u00e7\u00e3o ou atenua\u00e7\u00e3o da pobreza e exclus\u00e3o social pela promo\u00e7\u00e3o do desenvolvimento social local.<\/p>\n<p style=\"text-align: justify;\">O CLAS \u00e9 constitu\u00eddo por entidades publicas e\/ou privadas, com ou sem fins lucrativos, com interven\u00e7\u00e3o direta ou indireta na \u00e1rea social e a que ele adiram de livre vontade.<\/p>\n<p style=\"text-align: justify;\">O CLAS baseia-se num trabalho de parceria alargada, efetiva e din\u00e2mica e visa o planeamento estrat\u00e9gico da interven\u00e7\u00e3o social local, que articula a interven\u00e7\u00e3o dos diferentes agentes locais para o desenvolvimento social.<\/p>\n<p>As decis\u00f5es tomadas no CLAS deve, numa l\u00f3gica de compromisso coletivo, constituir indica\u00e7\u00f5es que influenciem as tomadas de decis\u00e3o de cada um dos parceiros.<\/p>\n<p>&nbsp;<\/p>\n<h3><\/h3>\n<h3 style=\"text-align: justify;\">Principais Objetivos<\/h3>\n<p style=\"text-align: justify;\">\u2022 Combater a pobreza e a exclus\u00e3o sociais;<br \/>\n\u2022 Promover o desenvolvimento social integrado atrav\u00e9s da implementa\u00e7\u00e3o do planeamento integrado e sistem\u00e1tico, que potencie sinergias, compet\u00eancias e recursos;<br \/>\n\u2022 Contribuir para a concretiza\u00e7\u00e3o, acompanhamento e avalia\u00e7\u00e3o dos objetivos do Plano Nacional de A\u00e7\u00e3o para a Inclus\u00e3o (PNAI);<br \/>\n\u2022 Garantir a integra\u00e7\u00e3o dos objetivos da promo\u00e7\u00e3o para a igualdade de g\u00e9nero, constantes do Plano Nacional para a Igualdade (PNI), nos instrumentos de planeamento;<br \/>\n\u2022 Garantir uma maior efic\u00e1cia e uma melhor cobertura e organiza\u00e7\u00e3o do conjunto de respostas e equipamentos ao n\u00edvel local;<br \/>\n\u2022 Criar canais regulares de comunica\u00e7\u00e3o e informa\u00e7\u00e3o entre os parceiros e a popula\u00e7\u00e3o em geral.<\/p>\n","protected":false},"excerpt":{"rendered":"<p>O Conselho Local de A\u00e7\u00e3o Social de Fronteira \u00e9 um \u00f3rg\u00e3o local de concerta\u00e7\u00e3o e congrega\u00e7\u00e3o de esfor\u00e7os, funcionando como um espa\u00e7o privilegiado de di\u00e1logo e an\u00e1lise dos problemas, visando a erradica\u00e7\u00e3o ou atenua\u00e7\u00e3o da pobreza e exclus\u00e3o social pela promo\u00e7\u00e3o do desenvolvimento social local. O CLAS \u00e9 constitu\u00eddo por entidades publicas e\/ou privadas, com [&hellip;]<\/p>\n","protected":false},"author":13,"featured_media":0,"parent":579,"menu_order":0,"comment_status":"closed","ping_status":"closed","template":"templates-map\/component-text-layout1.php","meta":{"_acf_changed":false,"_exactmetrics_skip_tracking":false,"_exactmetrics_sitenote_active":false,"_exactmetrics_sitenote_note":"","_exactmetrics_sitenote_category":0,"footnotes":""},"categories":[],"class_list":["post-583","page","type-page","status-publish","hentry"],"acf":[],"_links":{"self":[{"href":"https:\/\/cm-fronteira.pt\/pt\/wp-json\/wp\/v2\/pages\/583","targetHints":{"allow":["GET"]}}],"collection":[{"href":"https:\/\/cm-fronteira.pt\/pt\/wp-json\/wp\/v2\/pages"}],"about":[{"href":"https:\/\/cm-fronteira.pt\/pt\/wp-json\/wp\/v2\/types\/page"}],"author":[{"embeddable":true,"href":"https:\/\/cm-fronteira.pt\/pt\/wp-json\/wp\/v2\/users\/13"}],"replies":[{"embeddable":true,"href":"https:\/\/cm-fronteira.pt\/pt\/wp-json\/wp\/v2\/comments?post=583"}],"version-history":[{"count":7,"href":"https:\/\/cm-fronteira.pt\/pt\/wp-json\/wp\/v2\/pages\/583\/revisions"}],"predecessor-version":[{"id":12745,"href":"https:\/\/cm-fronteira.pt\/pt\/wp-json\/wp\/v2\/pages\/583\/revisions\/12745"}],"up":[{"embeddable":true,"href":"https:\/\/cm-fronteira.pt\/pt\/wp-json\/wp\/v2\/pages\/579"}],"wp:attachment":[{"href":"https:\/\/cm-fronteira.pt\/pt\/wp-json\/wp\/v2\/media?parent=583"}],"wp:term":[{"taxonomy":"category","embeddable":true,"href":"https:\/\/cm-fronteira.pt\/pt\/wp-json\/wp\/v2\/categories?post=583"}],"curies":[{"name":"wp","href":"https:\/\/api.w.org\/{rel}","templated":true}]}}

Conselho Local de Ação Social

<p style="text-align: justify;">O Conselho Local de Ação Social de Fronteira é um órgão local de concertação e congregação de esforços, funcionando como um espaço privilegiado de diálogo e análise dos problemas, visando a erradicação ou atenuação da pobreza e exclusão social pela promoção do desenvolvimento social local.</p>
<p style="text-align: justify;">O CLAS é constituído por entidades publicas e/ou privadas, com ou sem fins lucrativos, com intervenção direta ou indireta na área social e a que ele adiram de livre vontade.</p>
<p style="text-align: justify;">O CLAS baseia-se num trabalho de parceria alargada, efetiva e dinâmica e visa o planeamento estratégico da intervenção social local, que articula a intervenção dos diferentes agentes locais para o desenvolvimento social.</p>
<p>As decisões tomadas no CLAS deve, numa lógica de compromisso coletivo, constituir indicações que influenciem as tomadas de decisão de cada um dos parceiros.</p>
<p>&nbsp;</p>
<h3></h3>
<h3 style="text-align: justify;">Principais Objetivos</h3>
<p style="text-align: justify;">• Combater a pobreza e a exclusão sociais;<br />
• Promover o desenvolvimento social integrado através da implementação do planeamento integrado e sistemático, que potencie sinergias, competências e recursos;<br />
• Contribuir para a concretização, acompanhamento e avaliação dos objetivos do Plano Nacional de Ação para a Inclusão (PNAI);<br />
• Garantir a integração dos objetivos da promoção para a igualdade de género, constantes do Plano Nacional para a Igualdade (PNI), nos instrumentos de planeamento;<br />
• Garantir uma maior eficácia e uma melhor cobertura e organização do conjunto de respostas e equipamentos ao nível local;<br />
• Criar canais regulares de comunicação e informação entre os parceiros e a população em geral.</p>

<p>O Conselho Local de Ação Social de Fronteira é um órgão local de concertação e congregação de esforços, funcionando como um espaço privilegiado de diálogo e análise dos problemas, visando a erradicação ou atenuação da pobreza e exclusão social pela promoção do desenvolvimento social local. O CLAS é constituído por entidades publicas e/ou privadas, com [&hellip;]</p>
