{"id":1263,"date":"2020-12-04T15:32:41","date_gmt":"2020-12-04T15:32:41","guid":{"rendered":"https:\/\/cm-fronteira.pt\/?page_id=1263"},"modified":"2025-09-05T15:12:17","modified_gmt":"2025-09-05T15:12:17","slug":"fronteiractiva","status":"publish","type":"page","link":"https:\/\/cm-fronteira.pt\/pt\/lazer\/eventos-e-atividades-desportivas\/fronteiractiva\/","title":{"rendered":"FronteirActiva"},"content":{"rendered":"<p><strong data-start=\"138\" data-end=\"156\">FronteirActiva<\/strong> \u00e9 um programa de modalidades desportivas promovido pelo <strong data-start=\"213\" data-end=\"239\">Munic\u00edpio de Fronteira<\/strong>, pensado para todas as idades e estilos de vida. Com atividades f\u00edsicas adaptadas a diferentes faixas et\u00e1rias, o objetivo \u00e9 incentivar a pr\u00e1tica regular de exerc\u00edcio, promover o bem-estar e refor\u00e7ar os la\u00e7os da comunidade.<\/p>\n<p>&nbsp;<\/p>\n<p><strong>Modalidades Dispon\u00edveis:<\/strong><\/p>\n<ul style=\"text-align: justify\" data-start=\"493\" data-end=\"575\">\n<li data-start=\"493\" data-end=\"506\"><strong data-start=\"495\" data-end=\"504\">Jump\/Pump\/Step<\/strong><\/li>\n<li data-start=\"507\" data-end=\"522\"><strong data-start=\"509\" data-end=\"520\">Pilates<\/strong><\/li>\n<li data-start=\"523\" data-end=\"538\"><strong data-start=\"525\" data-end=\"536\">Fitness<\/strong><\/li>\n<li data-start=\"539\" data-end=\"561\"><strong data-start=\"541\" data-end=\"559\">Hidrogin\u00e1stica<\/strong><\/li>\n<li data-start=\"562\" data-end=\"575\"><strong data-start=\"564\" data-end=\"575\">Nata\u00e7\u00e3o<\/strong><\/li>\n<\/ul>\n<p>Seja para melhorar a condi\u00e7\u00e3o f\u00edsica, relaxar ou simplesmente para se divertir, o FronteirActiva tem a atividade certa para si.<\/p>\n<p>&nbsp;<\/p>\n<p><strong>Inscri\u00e7\u00f5es<\/strong>:<\/p>\n<p>As inscri\u00e7\u00f5es podem ser feitas presencialmente no:<\/p>\n<p><strong data-start=\"774\" data-end=\"816\">Balc\u00e3o \u00danico do Munic\u00edpio de Fronteira<\/strong><br data-start=\"816\" data-end=\"819\" \/>\ud83d\udcde <strong data-start=\"822\" data-end=\"835\">Telefone:<\/strong> 245 600 070<\/p>\n<p>Participe e mantenha-se ativo com o FronteirActiva!<\/p>","protected":false},"excerpt":{"rendered":"<p>FronteirActiva \u00e9 um programa de modalidades desportivas promovido pelo Munic\u00edpio de Fronteira, pensado para todas as idades e estilos de vida. Com atividades f\u00edsicas adaptadas a diferentes faixas et\u00e1rias, o objetivo \u00e9 incentivar a pr\u00e1tica regular de exerc\u00edcio, promover o bem-estar e refor\u00e7ar os la\u00e7os da comunidade. &nbsp; Modalidades Dispon\u00edveis: Jump\/Pump\/Step Pilates Fitness Hidrogin\u00e1stica Nata\u00e7\u00e3o [&hellip;]<\/p>\n","protected":false},"author":13,"featured_media":0,"parent":7573,"menu_order":0,"comment_status":"closed","ping_status":"closed","template":"templates-map\/component-text-list-layout1.php","meta":{"_acf_changed":false,"_exactmetrics_skip_tracking":false,"_exactmetrics_sitenote_active":false,"_exactmetrics_sitenote_note":"","_exactmetrics_sitenote_category":0,"footnotes":""},"categories":[],"class_list":["post-1263","page","type-page","status-publish","hentry"],"acf":[],"_links":{"self":[{"href":"https:\/\/cm-fronteira.pt\/pt\/wp-json\/wp\/v2\/pages\/1263","targetHints":{"allow":["GET"]}}],"collection":[{"href":"https:\/\/cm-fronteira.pt\/pt\/wp-json\/wp\/v2\/pages"}],"about":[{"href":"https:\/\/cm-fronteira.pt\/pt\/wp-json\/wp\/v2\/types\/page"}],"author":[{"embeddable":true,"href":"https:\/\/cm-fronteira.pt\/pt\/wp-json\/wp\/v2\/users\/13"}],"replies":[{"embeddable":true,"href":"https:\/\/cm-fronteira.pt\/pt\/wp-json\/wp\/v2\/comments?post=1263"}],"version-history":[{"count":17,"href":"https:\/\/cm-fronteira.pt\/pt\/wp-json\/wp\/v2\/pages\/1263\/revisions"}],"predecessor-version":[{"id":22480,"href":"https:\/\/cm-fronteira.pt\/pt\/wp-json\/wp\/v2\/pages\/1263\/revisions\/22480"}],"up":[{"embeddable":true,"href":"https:\/\/cm-fronteira.pt\/pt\/wp-json\/wp\/v2\/pages\/7573"}],"wp:attachment":[{"href":"https:\/\/cm-fronteira.pt\/pt\/wp-json\/wp\/v2\/media?parent=1263"}],"wp:term":[{"taxonomy":"category","embeddable":true,"href":"https:\/\/cm-fronteira.pt\/pt\/wp-json\/wp\/v2\/categories?post=1263"}],"curies":[{"name":"wp","href":"https:\/\/api.w.org\/{rel}","templated":true}]}}

<p><strong data-start="138" data-end="156">FronteirActiva</strong> é um programa de modalidades desportivas promovido pelo <strong data-start="213" data-end="239">Município de Fronteira</strong>, pensado para todas as idades e estilos de vida. Com atividades físicas adaptadas a diferentes faixas etárias, o objetivo é incentivar a prática regular de exercício, promover o bem-estar e reforçar os laços da comunidade.</p>
<p>&nbsp;</p>
<p><strong>Modalidades Disponíveis:</strong></p>
<ul style="text-align: justify" data-start="493" data-end="575">
<li data-start="493" data-end="506"><strong data-start="495" data-end="504">Jump/Pump/Step</strong></li>
<li data-start="507" data-end="522"><strong data-start="509" data-end="520">Pilates</strong></li>
<li data-start="523" data-end="538"><strong data-start="525" data-end="536">Fitness</strong></li>
<li data-start="539" data-end="561"><strong data-start="541" data-end="559">Hidroginástica</strong></li>
<li data-start="562" data-end="575"><strong data-start="564" data-end="575">Natação</strong></li>
</ul>
<p>Seja para melhorar a condição física, relaxar ou simplesmente para se divertir, o FronteirActiva tem a atividade certa para si.</p>
<p>&nbsp;</p>
<p><strong>Inscrições</strong>:</p>
<p>As inscrições podem ser feitas presencialmente no:</p>
<p><strong data-start="774" data-end="816">Balcão Único do Município de Fronteira</strong><br data-start="816" data-end="819" />📞 <strong data-start="822" data-end="835">Telefone:</strong> 245 600 070</p>
<p>Participe e mantenha-se ativo com o FronteirActiva!</p>

<p>FronteirActiva é um programa de modalidades desportivas promovido pelo Município de Fronteira, pensado para todas as idades e estilos de vida. Com atividades físicas adaptadas a diferentes faixas etárias, o objetivo é incentivar a prática regular de exercício, promover o bem-estar e reforçar os laços da comunidade. &nbsp; Modalidades Disponíveis: Jump/Pump/Step Pilates Fitness Hidroginástica Natação [&hellip;]</p>
