{"id":12417,"date":"2023-07-21T14:47:20","date_gmt":"2023-07-21T14:47:20","guid":{"rendered":"https:\/\/cm-fronteira.pt\/?page_id=12417"},"modified":"2025-08-26T09:17:44","modified_gmt":"2025-08-26T09:17:44","slug":"programa-de-incentivos-ao-ensino-superior","status":"publish","type":"page","link":"https:\/\/cm-fronteira.pt\/pt\/atividade-municipal\/educacao\/programa-de-incentivos-ao-ensino-superior\/","title":{"rendered":"Programa de Incentivos ao Ensino Superior"},"content":{"rendered":"<p><\/p>\n<p class=\"xdj266r x11i5rnm xat24cr x1mh8g0r x1vvkbs x126k92a\" style=\"text-align: justify\"><strong style=\"text-align: justify\">Quando e Como me candidato?<br \/>\n<\/strong>O <a href=\"https:\/\/cm-fronteira.pt\/?listas_ficheiros=incentivo-ao-ensino-superior-formulario\"><strong>formul\u00e1rio<\/strong><\/a> para as candidaturas est\u00e1 dispon\u00edvel no site do Munic\u00edpio de Fronteira <em>(preencher e enviar para <a href=\"mailto:municipio@cm-fronteira.pt\">municipio@cm-fronteira.pt<\/a>)<\/em> ou presencialmente no Balc\u00e3o \u00danico da C\u00e2mara Municipal.<\/p>\n<p>&nbsp;<\/p>\n<p class=\"xdj266r x11i5rnm xat24cr x1mh8g0r x1vvkbs x126k92a\" style=\"text-align: justify\"><strong>A Quem se destina?<br \/>\n<\/strong>A este programa podem aceder TODOS os alunos com resid\u00eancia no concelho de Fronteira que frequentem ou que venham a ingressar no ensino superior. Dos que j\u00e1 frequentam aos que v\u00e3o ingressar no ensino superior. Independentemente de serem ou n\u00e3o benefici\u00e1rios de bolsas de estudo. Sejam estudantes de licenciatura, de mestrado, de curso t\u00e9cnico superior profissional ou curso de especializa\u00e7\u00e3o tecnol\u00f3gica.<\/p>\n<p>&nbsp;<\/p>\n<p class=\"xdj266r x11i5rnm xat24cr x1mh8g0r x1vvkbs x126k92a\" style=\"text-align: justify\"><strong>Quais os incentivos?<br \/>\n<\/strong>Trata-se de um incentivo monet\u00e1rio que ser\u00e1 definido a cada ano letivo pela C\u00e2mara Municipal. No primeiro ano o incentivo ter\u00e1 o montante de 400,00 euros (quatrocentos euros).<\/p>\n<p>&nbsp;<\/p>\n<p class=\"xdj266r x11i5rnm xat24cr x1mh8g0r x1vvkbs x126k92a\" style=\"text-align: justify\"><strong>O incentivo ser\u00e1 atribu\u00eddo igualmente a todos?<br \/>\n<\/strong>A nossa inten\u00e7\u00e3o \u00e9 motivar e refor\u00e7ar a import\u00e2ncia de prosseguir os estudos para al\u00e9m do ensino obrigat\u00f3rio. Desse modo:<\/p>\n<ul style=\"text-align: justify\">\n<li dir=\"auto\">O jovem que tiver obtido aproveitamento em todas as disciplinas no ano letivo anterior, receber\u00e1 a totalidade do incentivo;<\/li>\n<li dir=\"auto\">O jovem que tiver transitado de ano mas sem aproveitamento em todas as unidades curriculares, receber\u00e1 metade do incentivo.<\/li>\n<li dir=\"auto\">O jovem quer tiver reprovado no ano letivo anterior \u00e9 exclu\u00eddo do programa, sem preju\u00edzo de poder voltar a beneficiar no ano seguinte, se entretanto voltar a ter sucesso escolar.<\/li>\n<li dir=\"auto\">Todos os jovens que concluam os respetivos cursos no per\u00edodo definido no ciclo de estudos da institui\u00e7\u00e3o de ensino ter\u00e3o direito a um apoio adicional, ou seja, al\u00e9m do apoio recebido no in\u00edcio do ano, receber\u00e3o outro no final como pr\u00e9mio adicional pelo sucesso escolar.<\/li>\n<\/ul>\n<p>&nbsp;<\/p>\n<p><strong>H\u00e1 incentivos especiais a quem frequente o ensino superior no Instituto Polit\u00e9cnico de Portalegre?<br \/>\n<\/strong><span style=\"text-align: justify\">Sim. A acrescer ao incentivo financeiro, o Munic\u00edpio de Fronteira disponibiliza-se a suportar o passe de transporte p\u00fablico para os alunos que frequentem um curso no Instituto Polit\u00e9cnico de Portalegre, a institui\u00e7\u00e3o de ensino superior do distrito, nas desloca\u00e7\u00f5es desde a sua resid\u00eancia.<\/span><\/p>","protected":false},"excerpt":{"rendered":"<p>Quando e Como me candidato? O formul\u00e1rio para as candidaturas est\u00e1 dispon\u00edvel no site do Munic\u00edpio de Fronteira (preencher e enviar para municipio@cm-fronteira.pt) ou presencialmente no Balc\u00e3o \u00danico da C\u00e2mara Municipal. &nbsp; A Quem se destina? A este programa podem aceder TODOS os alunos com resid\u00eancia no concelho de Fronteira que frequentem ou que venham [&hellip;]<\/p>\n","protected":false},"author":5,"featured_media":0,"parent":747,"menu_order":0,"comment_status":"closed","ping_status":"closed","template":"templates-map\/component-text-layout1.php","meta":{"_acf_changed":false,"_exactmetrics_skip_tracking":false,"_exactmetrics_sitenote_active":false,"_exactmetrics_sitenote_note":"","_exactmetrics_sitenote_category":0,"footnotes":""},"categories":[1],"class_list":["post-12417","page","type-page","status-publish","hentry","category-sem-categoria"],"acf":[],"_links":{"self":[{"href":"https:\/\/cm-fronteira.pt\/pt\/wp-json\/wp\/v2\/pages\/12417","targetHints":{"allow":["GET"]}}],"collection":[{"href":"https:\/\/cm-fronteira.pt\/pt\/wp-json\/wp\/v2\/pages"}],"about":[{"href":"https:\/\/cm-fronteira.pt\/pt\/wp-json\/wp\/v2\/types\/page"}],"author":[{"embeddable":true,"href":"https:\/\/cm-fronteira.pt\/pt\/wp-json\/wp\/v2\/users\/5"}],"replies":[{"embeddable":true,"href":"https:\/\/cm-fronteira.pt\/pt\/wp-json\/wp\/v2\/comments?post=12417"}],"version-history":[{"count":15,"href":"https:\/\/cm-fronteira.pt\/pt\/wp-json\/wp\/v2\/pages\/12417\/revisions"}],"predecessor-version":[{"id":22412,"href":"https:\/\/cm-fronteira.pt\/pt\/wp-json\/wp\/v2\/pages\/12417\/revisions\/22412"}],"up":[{"embeddable":true,"href":"https:\/\/cm-fronteira.pt\/pt\/wp-json\/wp\/v2\/pages\/747"}],"wp:attachment":[{"href":"https:\/\/cm-fronteira.pt\/pt\/wp-json\/wp\/v2\/media?parent=12417"}],"wp:term":[{"taxonomy":"category","embeddable":true,"href":"https:\/\/cm-fronteira.pt\/pt\/wp-json\/wp\/v2\/categories?post=12417"}],"curies":[{"name":"wp","href":"https:\/\/api.w.org\/{rel}","templated":true}]}}

<p></p>
<p class="xdj266r x11i5rnm xat24cr x1mh8g0r x1vvkbs x126k92a" style="text-align: justify"><strong style="text-align: justify">Quando e Como me candidato?<br />
</strong>O <a href="https://cm-fronteira.pt/?listas_ficheiros=incentivo-ao-ensino-superior-formulario"><strong>formulário</strong></a> para as candidaturas está disponível no site do Município de Fronteira <em>(preencher e enviar para <a href="mailto:municipio@cm-fronteira.pt">municipio@cm-fronteira.pt</a>)</em> ou presencialmente no Balcão Único da Câmara Municipal.</p>
<p>&nbsp;</p>
<p class="xdj266r x11i5rnm xat24cr x1mh8g0r x1vvkbs x126k92a" style="text-align: justify"><strong>A Quem se destina?<br />
</strong>A este programa podem aceder TODOS os alunos com residência no concelho de Fronteira que frequentem ou que venham a ingressar no ensino superior. Dos que já frequentam aos que vão ingressar no ensino superior. Independentemente de serem ou não beneficiários de bolsas de estudo. Sejam estudantes de licenciatura, de mestrado, de curso técnico superior profissional ou curso de especialização tecnológica.</p>
<p>&nbsp;</p>
<p class="xdj266r x11i5rnm xat24cr x1mh8g0r x1vvkbs x126k92a" style="text-align: justify"><strong>Quais os incentivos?<br />
</strong>Trata-se de um incentivo monetário que será definido a cada ano letivo pela Câmara Municipal. No primeiro ano o incentivo terá o montante de 400,00 euros (quatrocentos euros).</p>
<p>&nbsp;</p>
<p class="xdj266r x11i5rnm xat24cr x1mh8g0r x1vvkbs x126k92a" style="text-align: justify"><strong>O incentivo será atribuído igualmente a todos?<br />
</strong>A nossa intenção é motivar e reforçar a importância de prosseguir os estudos para além do ensino obrigatório. Desse modo:</p>
<ul style="text-align: justify">
<li dir="auto">O jovem que tiver obtido aproveitamento em todas as disciplinas no ano letivo anterior, receberá a totalidade do incentivo;</li>
<li dir="auto">O jovem que tiver transitado de ano mas sem aproveitamento em todas as unidades curriculares, receberá metade do incentivo.</li>
<li dir="auto">O jovem quer tiver reprovado no ano letivo anterior é excluído do programa, sem prejuízo de poder voltar a beneficiar no ano seguinte, se entretanto voltar a ter sucesso escolar.</li>
<li dir="auto">Todos os jovens que concluam os respetivos cursos no período definido no ciclo de estudos da instituição de ensino terão direito a um apoio adicional, ou seja, além do apoio recebido no início do ano, receberão outro no final como prémio adicional pelo sucesso escolar.</li>
</ul>
<p>&nbsp;</p>
<p><strong>Há incentivos especiais a quem frequente o ensino superior no Instituto Politécnico de Portalegre?<br />
</strong><span style="text-align: justify">Sim. A acrescer ao incentivo financeiro, o Município de Fronteira disponibiliza-se a suportar o passe de transporte público para os alunos que frequentem um curso no Instituto Politécnico de Portalegre, a instituição de ensino superior do distrito, nas deslocações desde a sua residência.</span></p>

<p>Quando e Como me candidato? O formulário para as candidaturas está disponível no site do Município de Fronteira (preencher e enviar para municipio@cm-fronteira.pt) ou presencialmente no Balcão Único da Câmara Municipal. &nbsp; A Quem se destina? A este programa podem aceder TODOS os alunos com residência no concelho de Fronteira que frequentem ou que venham [&hellip;]</p>
